+ 3. Let f be l(6). Let b be 0 - (-4 - f)/1. What are the prime factors of (b - -1)/(8/796)?
199
Let k(i) = -785*i**3 - i**2 - 8*i - 8. Let q(m) = 523*m**3 + m**2 + 5*m + 6. Let z(j) = -5*k(j) - 7*q(j). What are the prime factors of z(1)?
5, 53
Let m be (-57)/(-2)*((-100)/15 - -8). Suppose 28*j - m*j + 520 = 0. List the prime factors of j.
2, 13
Let s(w) = -w**2 - 28*w - 74. Let y be s(-12). Suppose 2*v - y = -2*u + 554, -v = -u - 328. What are the prime factors of v?
2, 83
Let r(m) = 0*m**2 + 8*m - m**2 - 36 + 14*m. Suppose -52*v - 6480 = -265*v - 219*v. What are the prime factors of r(v)?
3, 23
Let u(a) = -2*a**2 + 23*a + 12. Let b be u(12). Let p(r) = r**3 + b*r - 15 - 10*r - 27*r**2 + 35*r**2 - r. List the prime factors of p(-8).
73
Let l(o) = 9*o**2 + 10*o - 104. Let j be l(10). Suppose -7*z + 9107 = j. What are the prime factors of z?
3, 17, 23
Let q(v) = 3*v**2 + 10*v - 27. Let c(o) = -2*o**2 - 18*o + 12. Let a be c(-9). List the prime factors of q(a).
3, 5, 7
Let m be (-11)/4*(-21 - -17). Suppose m*v - 180 = 29. List the prime factors of v.
19
Suppose 0 = -10*c - 2593 + 23003. List the prime factors of c.
13, 157
Suppose -3*p = g + 3*g - 84, 0 = 4*p + 3*g - 119. Let w = 37 - p. Suppose -2*j - 2*y + 172 = 0, 2*j + 256 = w*j + 4*y. What are the prime factors of j?
2, 11
Let c(t) = 229*t + 695. What are the prime factors of c(-2)?
3, 79
Let z(a) = -3826*a - 7432. List the prime factors of z(-14).
2, 19, 607
Suppose -3*c + 23410 = -432*d + 437*d, 0 = 4*d + 16. What are the prime factors of c?
2, 5, 11, 71
Let x = -3748 + 6422. What are the prime factors of x?
2, 7, 191
Let v = 53 + -51. Let g be (3/v)/((-4)/(-8)). Suppose 0 = 3*r - z + g*z - 17, -2*r + z + 16 = 0. List the prime factors of r.
7
Let r(u) = 2*u**2 + 25*u - 7. Suppose -4*n + 3*w + 114 = n, -2*w = -3*n + 68. Suppose -36 = n*l - 22*l. List the prime factors of r(l).
191
Suppose 16*w = -5*w + 263592. List the prime factors of w.
2, 3, 523
Suppose -2*c - 86 = -4*d - 166, 5*d + 122 = 3*c. Suppose l + 5*g = 36, l = g - 4*g + c. What are the prime factors of l?
2, 7
Let c be (-27)/6*(-14544)/27. Suppose 9*l = c + 2220. What are the prime factors of l?
2, 3, 43
Let z(p) = 131*p - 3118. List the prime factors of z(56).
2, 3, 19, 37
Let b(n) = n**3 - 7*n**2 + 8*n + 13. Let i be b(5). Suppose 8*k - 85 = i*k. Suppose -12*l + k*l - 840 = 0. List the prime factors of l.
2, 3, 7
Let b be (-150)/(-5 + -1*114/(-24)). Suppose -596*y = -b*y + 6216. What are the prime factors of y?
2, 3, 7, 37
Let p(i) = -i**3 + 7*i**2 - 10*i + 9. Let c be p(5). Suppose 45*l - c*l - 8100 = 0. What are the prime factors of l?
3, 5
Let i(w) = -w**3 - 10*w**2 - w + 12. Let o be i(-11). Let n = -22 + o. What are the prime factors of n?
2, 61
Suppose 76163 = f - 12580. What are the prime factors of f?
3, 29581
Let x(d) = d**3 + 28*d**2 - 480*d - 53. List the prime factors of x(-24).
47, 293
Let s(f) = -f**2 - 34*f - 59. Let b be s(-32). Suppose -l + 2*l - 4*p = 153, -b*l = 3*p - 857. List the prime factors of l.
13
Suppose 0 = 25*i - 151408 + 21592 - 131609. What are the prime factors of i?
10457
Suppose 12*n = 16*n + 8. Let b be 4/24*n*-15. Suppose -c = -2*w + 161, -b*c = -6*w + 2*w + 313. What are the prime factors of w?
2, 41
Let k(y) = -y**2 - 7*y + 2. Suppose 4*v + 96 = 68. Let f be k(v). Suppose 87 = f*w - 79. What are the prime factors of w?
83
Let o(m) = m**2 - 13*m + 3. Suppose -13*w + 65 = -8*w. Let f be o(w). Let j(z) = 5*z**3 - z**2 + 2. List the prime factors of j(f).
2
Suppose 32*d - 34*d = 3*i - 9520, 4*i = -3*d + 12692. What are the prime factors of i?
2, 397
Let q(r) = r**3 - 37*r**2 + 75*r - 40. Let g be q(35). Let u = g + 167. What are the prime factors of u?
2, 151
Let g = 61101 - 39552. What are the prime factors of g?
3, 11, 653
Suppose 111 - 34 = -7*y. Let r = 13 + y. Suppose -92 = -5*f + 6*d - 3*d, 0 = r*f - 4*d - 34. What are the prime factors of f?
19
Let d be -1*4 - 4/8*-62. Let n(i) = -34*i + d*i + 35 + 2. List the prime factors of n(-11).
2, 3, 19
Suppose u - 4*z = -4, -z = 5*u - 0*z - 1. Let s be u + -2 + (-111)/1. Let y = -56 - s. List the prime factors of y.
3, 19
Let c(d) be the third derivative of -d**4/24 + 10*d**3/3 - 17*d**2. Let f be c(10). Suppose f*z = 7*z + 3*q + 603, 0 = -2*q + 6. List the prime factors of z.
2, 3, 17
Suppose -3*f + 5*l = 2*f + 5, -5*l - 20 = 0. What are the prime factors of (4/f - (-343)/(-140))*-36?
3, 13
Suppose 15 = 9*p - 4*p. Suppose -7*q + p*q = 4*a, -4*q - a = 0. Suppose 7*d - 305 - 283 = q. What are the prime factors of d?
2, 3, 7
Let w(b) = 30*b**2 + 5*b - 29. Let y be w(5). Let g = y + -416. List the prime factors of g.
2, 3, 5, 11
Suppose 14*z + 29895 = 3*h + 18*z, 49809 = 5*h + 4*z. List the prime factors of h.
3, 3319
Let f be 543/(-9) + 8/6. List the prime factors of (f/(-2))/(26/260).
5, 59
List the prime factors of 1/(1/36467) - (-109)/(-109).
2, 18233
Suppose 915*d - 152 + 12 = 920*d. Suppose 5*v = -5*r + 35, 7*r - 2*r - 24 = -4*v. Let z = v - d. What are the prime factors of z?
3, 13
Suppose -3*g = 6*c - 477, g - 3*c = -7*c + 165. List the prime factors of g.
3, 17
Suppose 61*n + 7941456 = 26*n + 531*n. What are the prime factors of n?
3, 593
Suppose -7*b - 31680 = -2*r + 1514, -5*r = -4*b - 83039. List the prime factors of r.
3, 7, 113
Let v = 9661 + -6606. List the prime factors of -1 + -2 + (-2)/((-10)/v).
2, 19
Let i = 15 - 23. Let n(v) = v**2 + 9*v + 7. Let j be n(i). Let b(w) = -90*w**3 - 3*w**2 - 2*w. What are the prime factors of b(j)?
89
Let l be (-18)/(-5) + 15/(-25). Suppose -2*s = 5*n - 3033, -l*n - 7505 = -5*s - 0*n. List the prime factors of s/6 + 3/9.
251
Let h(r) = -8*r + 190. Let d(p) = -p + 2. Let g(v) = 2*d(v) + h(v). What are the prime factors of g(0)?
2, 97
Suppose -207*i - 1076530 = -242*i. List the prime factors of i.
2, 7, 13
Let b(g) = 329*g**2 + 54 + 7*g - 312*g**2 - 5*g + g**3. What are the prime factors of b(-17)?
2, 5
Let u be 3/1 + -2 - 3. Let n be (1 - 10) + (-14 - -12). What are the prime factors of 2/(21/n - u)?
2, 11
Suppose n + 40 = 47. Let w(s) = 13*s - 46. List the prime factors of w(n).
3, 5
Let z = 19861 - -3577. List the prime factors of z.
2, 11719
Let r(v) = 3*v + 17*v + 0*v - 8. Let x(s) = -s**2 + 53*s - 145. Let m be x(50). What are the prime factors of r(m)?
2, 23
Suppose 5*l + 42*l - 2680702 = -874633. List the prime factors of l.
3, 12809
Suppose 3*i - 11 = 2*i - 3*z, -3*i = 5*z - 17. Let t(q) = -318*q + 3. List the prime factors of t(i).
3, 107
Let p be 1 + 6 + (-15 - -3). Let f(o) = -84*o - 59. List the prime factors of f(p).
19
Let x(v) = 3*v**2 - 48*v + 1. Let m be x(16). Let k(n) = 356*n**2 + 8*n - 5. What are the prime factors of k(m)?
359
Suppose 0*l - 19 = d + 3*l, -5*l = -4*d - 8. List the prime factors of (-2)/2 - (2577 - d)/(-8).
2, 7, 23
Let n be (2 - (1 + -1)) + 117. Let h = 246 - n. Let w = -40 + h. What are the prime factors of w?
3, 29
Let k(x) = x**2 + 15*x + 17. Let p be k(-14). Let j be 3 - (2 + (3 - p)). What are the prime factors of ((-110)/(-15) - j)*12?
2, 19
Suppose 2*y = -i + 2543, 166*y + 10164 = 4*i + 170*y. What are the prime factors of i?
2539
Let b(n) = 218*n + 2336. What are the prime factors of b(16)?
2, 7, 13
Suppose 29*u - 598765 = -38572. What are the prime factors of u?
3, 47, 137
Suppose h + 3 = -1, t + 5*h = -64. Let i be t - (-1 + 2)*3. Let v = i + 91. What are the prime factors of v?
2, 11
Suppose s - 5*d - 24 + 2 = 0, 160 = 4*s + 4*d. Suppose -47*y + s*y + 2520 = 0. List the prime factors of y.
2, 3, 7
Let k be 0/(7/(-1)) - -4. Suppose -3*f = -s + 90, -3*s + 2*s = k*f - 62. List the prime factors of s.
2, 3, 13
Let h(u) = -u**2 + 17*u + 1. Let x be h(16). Let w be (x/(-2))/(-2 - 6/(-4)). Let g(o) = 7*o + 63. List the prime factors of g(w).
2, 7, 13
Suppose -5199*d - 3652403 = -5240*d. List the prime factors of d.
89083
Suppose -1516 - 200 = -4*u. Let y = u + -112. What are the prime factors of y?
317
List the prime factors of 24/96*6484/3*9.
3, 1621
Let z = 36 + -21. Let w = z + -13. Suppose r - 4*u + 611 = 4*r, -3*u = w*r - 408. List the prime factors of r.
3, 67
Suppose 0 = -46*o + 83832 + 172848. List the prime factors of o.
2, 3, 5, 31
Suppose -16*i - 18371 = -88115. List the prime factors of i.
3, 1453
Let u(f) = -14*f + 33 - 22*f**2 + 0*f**3 - 